 (0 + -17)*(3 - 4).
1
Suppose 0 = 4*c + 339 - 627. Suppose 93*o + c = 99*o. Calculate the remainder when 128 is divided by o.
8
Let z = 9 - 4. Suppose 0 = -56*a + 3*a - 66992. Let s = -1241 - a. Calculate the remainder when s is divided by z.
3
Calculate the remainder when 1465 is divided by 7822/26 + ((-1)/(-4))/((-91)/(-56)).
261
Let m = -117 + 121. Suppose -m*c = -11 - 21. Let p = -28 + 49. Calculate the remainder when p is divided by c.
5
Let p(a) = a**2 - 2*a. Let n be p(4). Suppose n*l - 108 = 5*l. Calculate the remainder when 3726/l + (-1)/2 is divided by 53.
50
Suppose -3*w + 3*a = -528, 3*w - 3*a = 4*w - 192. Suppose 6*g - 319 = g - 2*h, -5*h = 3*g - w. What is the remainder when g is divided by 46?
19
Suppose 0 = 9*o + 68 - 284. Suppose -27*u + 48 = -o*u. Suppose -i + 3*i - t - u = 0, 19 = 3*i + t. Calculate the remainder when 68 is divided by i.
5
Let d(y) = y**3 + 9*y**2 - 41*y. Let a be d(-12). Suppose 0 = -4*b - 16, 26*o - 22*o = -4*b + a. What is the remainder when o is divided by 7?
5
Let i(g) = -8*g + 1. Suppose 5*c - 26 = 4*a, -2*c + c + 25 = -3*a. Calculate the remainder when (-18)/a*(47 + 1) is divided by i(-3).
21
Let o = -11205 - -11208. Calculate the remainder when 797 is divided by o.
2
Let t = 5 + 5. Suppose 24*z - 5*y = 26*z - 8, -y = -3*z + 63. Calculate the remainder when z is divided by t.
9
Suppose -5*b = 3*k - 56, b + 56 = 5*k - 28. What is the remainder when (-2)/(-3) + 5239/93 is divided by k?
6
Suppose f = 5*d - 15, -4*d = d - 25. Calculate the remainder when f is divided by (-6)/((2/6)/((-28)/126)).
2
Suppose 23*u + 3*u = 494. Calculate the remainder when 2124 is divided by u.
15
Suppose 0 = -2*p + 5*u + 24, 5*p + 3*u - 14 = 4*u. Let c(h) = -h**2 + 0*h**p + 11*h + 2 - 3*h + 1. What is the remainder when 58 is divided by c(4)?
1
Suppose -64558 = -2*h - 24*h. What is the remainder when h/13 - 6*1 is divided by 19?
14
Let p(g) = 33*g**2 - 9*g - 75. What is the remainder when p(-18) is divided by 28?
27
Let i be (-106)/(-10) + 8/20. Let m = 38 - i. Let p = m + -17. What is the remainder when 29 is divided by p?
9
Let w(n) = 64*n - 231. What is the remainder when w(6) is divided by 40?
33
Suppose 0 = 3*d + 2*u - 131, -3*u - u = -4. Let m = 12381 - 12376. Calculate the remainder when d is divided by m.
3
Let p = 2300 - 364. What is the remainder when 1945 is divided by p?
9
Let a be (-5)/(4 + 9/(-2)). Let n be 14/5 + a/50. Let m(p) = 2*p**3 - p**2 - 7*p - 1. What is the remainder when m(n) is divided by 4?
3
Let c(z) = -z**3 + 23*z**2 - 48*z - 172. What is the remainder when c(19) is divided by 58?
12
What is the remainder when 356 is divided by (0 - -4)/(-2) - (3680/(-10))/2?
174
Suppose 92*u + 129*u = -23*u + 201056. What is the remainder when u is divided by 79?
34
What is the remainder when ((-90)/25)/((-8)/380) is divided by (-5)/3*-1*(250 - 235)?
21
Let i be (2/3)/((-6)/(-72)). Calculate the remainder when 2/((7/105)/(i/6)) is divided by 11.
7
Let q = 88 + 3. Let o = -67 + q. Calculate the remainder when 66 is divided by o.
18
Suppose -139*w + 70*w - 240 = -79*w. What is the remainder when w is divided by 17?
7
Let h(p) = -12 + 0 - 2*p**3 - 247*p**2 - 2*p + 108*p**2 + 113*p**2. Calculate the remainder when 16 is divided by h(-13).
2
Let w(z) = 4*z - 26. Let d = 63 + -43. What is the remainder when (d/(-30))/(-2 - (-143)/72) is divided by w(9)?
8
Suppose 2710*m - 270 = 2701*m. Let j(g) = 176*g**2. What is the remainder when j(1) is divided by m?
26
Suppose 16*p - 852 + 4 = 0. Suppose 18 = 4*a - 3*a. Let s = a + 10. Calculate the remainder when p is divided by s.
25
Suppose -2*k + 124 + 60 = 0. What is the remainder when 468 is divided by k?
8
Suppose -71*f = 637 - 3406. What is the remainder when 805 is divided by f?
25
Let l(q) = 57*q + 46*q + 50*q + 10 - 145*q + q**2. What is the remainder when l(-8) is divided by -1*-2*3 - 0?
4
Suppose 295 + 275 = 3*v. Suppose 3*y + 103 - v = 0. What is the remainder when y is divided by 16?
13
Suppose -2*d - 3*r = -167, -115 = -4*d - r + 234. What is the remainder when 3075 is divided by d?
83
Let v(b) = 2*b + 184. Suppose 2*l = -z - 39, 4*z = z - 4*l - 113. Calculate the remainder when v(z) is divided by 33.
15
Let n = -299 - -525. Let b = 259 - n. Calculate the remainder when b is divided by 19.
14
What is the remainder when 211 is divided by -3 + 23/(-3)*(-9 + 3)?
39
Let r = 25 + -11. Suppose 4*m = 3*s + s + 72, -m = -5*s - r. Suppose 24*v - 50 = 19*v + 4*k, 0 = -4*k. Calculate the remainder when m is divided by v.
9
Suppose -116 = -5*i - 4*j, -2*j + 38 + 50 = 4*i. Let g = -5 + i. What is the remainder when 42 is divided by g?
12
Suppose 14*f - 25 = 311. Calculate the remainder when f + (-35)/(0 - 5) is divided by 6.
1
Suppose -76 = 2*q - 74. Calculate the remainder when 1467*(q/3 + (-20)/(-36)) is divided by 15.
11
Suppose 136*d = 23179 + 49037. What is the remainder when 1637 is divided by d?
44
Calculate the remainder when 629 is divided by (12/27)/(244/57096).
5
Suppose 0 = f - 2 - 42. Suppose 20*w - 33*w = -1872. What is the remainder when w is divided by f?
12
Let t = 99 + -81. Let m(y) = -y**2 + 20*y + 28. Calculate the remainder when m(t) is divided by 15.
4
Let t(y) be the third derivative of -13*y**4/24 + 113*y**3/6 + 131*y**2. What is the remainder when 75 is divided by t(8)?
3
Let j(r) = r**2 + 0*r - 6*r + r - 13 - 1 + 4*r. What is the remainder when j(7) is divided by 3?
1
What is the remainder when 109208/286 - (50/13 + -4) is divided by 63?
4
Suppose -5*g + 47 = 5*n - 2*g, 5*n = 5*g + 15. Suppose 0 = 3*v - 46 + n. Calculate the remainder when 3/(24/(-23))*(149 - 157) is divided by v.
10
Suppose -4*h + 33 + 884 = -531. Suppose 3*o + 4*x = 72, x = -2 - 1. What is the remainder when h is divided by o?
26
Let j = 106 + -44. Let a(z) = 2*z**2 - 3500*z - 38689. Calculate the remainder when j is divided by a(-11).
9
Suppose -d + 20 = 11. Let l(c) = -3*c + 29. Let z be l(d). What is the remainder when (-2)/4*z*(-11 + -6) is divided by 3?
2
Let r = 1119 + -724. What is the remainder when r is divided by 4?
3
Let x(d) = d**3 + 23*d**2 - 25*d - 20. Let w be x(-24). Suppose 10*t - 1206 = w. Calculate the remainder when t is divided by 13.
4
Let y(t) = -6*t - 63. Let r be y(-11). Suppose -r*q - 5*c = -33, -7*q + 5*c = -2*q - 15. What is the remainder when 98 is divided by q?
2
Let l be (1414/6 - 0) + (-168)/252. Calculate the remainder when l + (17 - -7)/8 is divided by 48.
46
Let o(b) = 12*b**2 - 2*b - 1. Let j be o(-1). Suppose 5*g - 4*g = j. Calculate the remainder when 9361/(-23)*(66/(-121))/6 is divided by g.
11
Let h = 178 - 38. Suppose 2*q = -5*l + q + h, l + 2*q - 19 = 0. What is the remainder when 72 is divided by l?
14
Let o(z) be the first derivative of z**3/3 + 9*z**2 - 76*z + 82. What is the remainder when o(-25) is divided by 58?
41
Let f(w) be the second derivative of -w**5/20 - 7*w**4/2 - 40*w**3/3 + 6*w**2 + 6*w - 2. What is the remainder when f(-40) is divided by 7?
5
Let a = 185 + 204. Calculate the remainder when a is divided by (31 - 31 - -25) + 24.
46
Let q = 9622 + -6190. What is the remainder when q is divided by 80?
72
Suppose -k - 24*k = -1000. Let r = -141 + 296. What is the remainder when r is divided by k?
35
Suppose -v + 5*c = -2639, 35*v + 2645 = 36*v - 3*c. What is the remainder when v is divided by 15?
14
Let h(f) = -390*f + 1639. Calculate the remainder when 127 is divided by h(4).
48
Suppose 9849 = 55*u + 169. Calculate the remainder when 427 is divided by u.
75
Suppose -12*l + 7*l + 40 = 0. Suppose -v = 3*b - 10 - l, -v + 5*b + 50 = 0. Let z = v - 26. Calculate the remainder when 4 is divided by z.
0
Let v(c) = 324*c - 5. Suppose 5*i - 1 = 3*u + 3*i, -2*u + 12 = 5*i. Let k be v(u). Suppose -9*g + k = 2*g. What is the remainder when g is divided by 15?
14
Suppose 208*d = 204*d - 5*s + 514, -s = -3*d + 395. Calculate the remainder when 490 is divided by d.
97
Suppose 1736*y - 1719*y - 187 = 0. What is the remainder when 2173 is divided by y?
6
Let c(u) = -3*u**3 + u**2 - 3*u - 2. Let z be c(-2). Let k = z - 29. Calculate the remainder when 12 is divided by (-1 + k)/2 + (6 - 2).
2
Let g = 366 - 126. Let y = g - 231. Calculate the remainder when 28 is divided by y.
1
What is the remainder when 4 + (-41058)/(-45) + 0 + 6/(-15) is di